28 = -310*l + 314*l - 4*p. What is the highest common factor of 558 and l?
18
Suppose 0 = 3*f - 3*u + 66, 3*f - 4*u = -30 - 36. Let q(b) = 2*b**2 - 33*b - 29. Let h be q(f). What is the highest common factor of 45 and h?
45
Let a = -4347 - -4926. What is the greatest common divisor of 4246 and a?
193
Let z be 2*(54/(-4))/(-3). Suppose -3*h = -12*h + 45. Let f(y) = -12*y + 66. Let g be f(h). Calculate the highest common divisor of z and g.
3
Let v = 444 - 443. Let b(y) = 46*y**2 - y. Let z be b(v). Calculate the highest common factor of z and 144.
9
Let w = -46228 + 47060. Calculate the highest common divisor of w and 702.
26
Let c(i) = -5*i + 49. Let d(k) = -16*k + 148. Let r(x) = -7*c(x) + 2*d(x). Let z be r(22). Let j = 23 - z. What is the greatest common divisor of j and 4?
4
Let x(l) = -l**3 - 2*l**2 - 3*l - 1. Let i be x(-3). Suppose 1541 = 7*h - 804. Suppose -h = -6*b + 481. What is the highest common factor of i and b?
17
Let u(f) = -1063*f + 3465. Let k be u(3). What is the highest common factor of 414 and k?
138
Suppose 50488 = 5*i + 1483. Calculate the greatest common divisor of 121 and i.
121
Let w = 18 + -15. Suppose 2*f + 2*f = 2*b - 328, 470 = w*b + 5*f. Let a = -106 + 126. What is the greatest common divisor of b and a?
20
Suppose -16703 = -13*w + 141036 - 25802. What is the highest common divisor of w and 51?
51
Let y be (35 - 32) + -7 - (-229 + 0). What is the greatest common factor of 3510 and y?
45
Suppose 20*s - 90 = -130. Let p(c) = -777*c - 105. Let f be p(s). Calculate the greatest common factor of f and 63.
63
Let q = 153 - 154. Let z(x) = -15*x**3 - 2*x**2 + 3*x + 4. Let c be z(q). What is the greatest common factor of 119 and c?
7
Let u(i) = i**2 + 15*i - 64. Let z be u(4). Suppose k = 4*q - 109, 4*k - 23 = -2*q + q. Calculate the greatest common divisor of z and q.
3
Suppose 84 = -0*x - 3*x. Let c be (-1449)/x - (-9)/(-12). What is the highest common divisor of c and 136?
17
Suppose -3*x + 1113 - 299 = 34*x. Suppose 1518 = -0*j + 3*j. Calculate the greatest common factor of x and j.
22
Let h = -17964 - -18022. Calculate the greatest common factor of h and 261.
29
Let a = -2845 + 16236. What is the highest common factor of a and 7?
7
Let h be (((-105)/6)/(-7))/(5/240). Let t be 6/(-12)*(-3)/(9/h). Calculate the highest common factor of t and 65.
5
Let o = -42 - -43. Let v(p) be the first derivative of p**4/4 + 2*p**3/3 - p**2/2 + 2*p - 2. Let h be v(-2). Calculate the greatest common divisor of o and h.
1
Let r = -125 + 196. Let w be r + -1 + (2 + -8 - -1). What is the greatest common divisor of 78 and w?
13
Let l = 4413 - 4386. Calculate the highest common divisor of 33021 and l.
27
Let z be (-124)/(-217)*(-70)/(-300) + (-750566)/(-30). Calculate the highest common divisor of z and 127.
127
Let u be (6/(-9))/(2/(-36)). Suppose 3939*x - 3944*x + 82 = -58. What is the greatest common divisor of u and x?
4
Let v = -35 - -152. Let u be (104/12)/1*(-2 - -5). Calculate the highest common divisor of v and u.
13
Suppose -2*f = -3*k + 38 - 24, 0 = 5*f - 10. Suppose -n = -4*g + 968, 3*g - 726 = k*n - 7*n. What is the greatest common factor of 22 and g?
22
Suppose -3*d = 3*o - 111, 0 = -o + 3*d - d + 34. Let q(t) = t**2 + 300*t + 22515. Let y be q(-150). What is the highest common divisor of o and y?
3
Suppose 0*u + 5*u = -5*y - 180, 3*u = -2*y - 109. Let g = u - -77. Suppose 0 = -i + g - 1. Calculate the greatest common factor of i and 26.
13
Suppose -u + 1482 = 4*h, 2*u - 346 = -5*h + 1502. Calculate the highest common factor of h and 264.
12
Suppose -35*h + 120 = -5*h. Suppose 170 = 5*p + n, h*p = -2*n - 3*n + 157. What is the greatest common factor of 143 and p?
11
Let g(s) = s**2 - 11*s - 97. Let n be g(-7). Let u be -2*(n/(-2) - -3). What is the highest common factor of 161 and u?
23
Suppose 172*d - 225*d - 636 = -8586. What is the highest common factor of 4125 and d?
75
Suppose -151*c + 900 = -131*c. Calculate the highest common factor of 99 and c.
9
Let g(c) = 194*c**2 + 89*c + 380. Let x be g(-4). What is the greatest common divisor of 4 and x?
4
Let h(s) = s**3 + 42*s**2 - 130*s + 115. Let n be h(-44). What is the greatest common divisor of n and 13?
13
Suppose 0 = -x + 7*j - 4*j - 4, 0 = x + j - 4. Let m(y) = y**3 + 23*y**2 - 9*y - 143. Let a be m(-23). Calculate the greatest common divisor of a and x.
2
Let a be 8 + (18/4)/((234/(-948))/(-13)). What is the greatest common factor of a and 190?
5
Suppose 4*w - 5*w + 19 = -5*j, 4*w - 38 = j. Let g be (2079/w)/(12/16). What is the highest common divisor of g and 44?
44
Let w(m) = 11*m + 616. Let i be w(49). What is the highest common factor of 1 and i?
1
Let c be 1/((14 - 18) + 23/6). Let a be (2 - 0) + (0 - c) + 5. Let y be 104*(0/1 + 1). What is the greatest common divisor of y and a?
13
Let w(q) = -81*q - 90. Let h be w(-9). Let n = 658 - h. Calculate the greatest common factor of n and 703.
19
Suppose 2*p - 11 = 3*l, 2*p + 2*l - 33 = -7. Calculate the highest common divisor of 7205 and p.
5
Suppose -2 = u + 5*j - 8, 4*u = 2*j + 112. Suppose -40*b + 42*b = -4*f + 14, -4*f + 5*b = -21. Calculate the greatest common divisor of u and f.
2
Suppose -3*o + 1109 = 2*q - 104, 9 = -3*o. What is the greatest common factor of 117 and q?
13
Suppose -w = 5*k - 1105 + 375, 4*w - 600 = -4*k. Suppose 35*u - 1276 = 13*u. Calculate the highest common divisor of u and k.
29
Suppose z = -0*z + 162. Suppose -4 = 4*o, 3*k = -4*o + 43060 - 42956. Calculate the highest common divisor of k and z.
18
Let v = 17563 - 17555. Calculate the greatest common divisor of v and 520.
8
Suppose 0 = 2*h - 11 - 13. Let p be -3*-2*(-40)/(-16). Calculate the greatest common factor of p and h.
3
Suppose -5*n + 71 = 3*f, 12*f - n + 38 = 14*f. What is the highest common factor of f and 18649?
17
Let v = -7 - -6. Let f be v*(-4 - -19)*2/(-3). Let z be -1 - ((-56)/f)/((-4)/(-20)). Calculate the greatest common factor of z and 108.
27
Let v(h) = h**3 + 18*h**2 - 21*h - 30. Let j be v(-19). Suppose j*o - 129 = -9. What is the greatest common divisor of o and 60?
15
Let v(c) = 484*c - 78. Let u be v(17). Let i be u/75 - 6/9. Calculate the greatest common factor of i and 27.
27
Suppose -4*p + 72 = -4*t, t + 3*p + 12 - 2 = 0. Let m(v) = v**3 + 18*v**2 + 28*v - 19. Let r be m(t). Calculate the highest common factor of 585 and r.
45
Let y = -248 + 246. Let w be y/5 + 724/10. What is the highest common factor of w and 9?
9
Let o be (-154)/4*(-1 + -10 + 3). Calculate the highest common divisor of 385 and o.
77
Suppose -2*z - 646 = -5*v, -3*v - z - 128 = -4*v. Let k be (-6 + 148/18)/(((-90)/81)/(-5)). What is the highest common factor of v and k?
10
Suppose 0 = 5*b + 20 + 25, t = 3*b + 144. Suppose 4*r = 63 + 81. Calculate the highest common factor of t and r.
9
Let v(j) be the second derivative of j**4/3 + 23*j**3/6 + 5*j**2 + 32*j. Let t be v(-10). What is the greatest common divisor of t and 24?
12
Suppose 4*w - 663 - 129 = 0. Suppose -558*h + 11689 = -587. Calculate the highest common divisor of w and h.
22
Let t = 13133 + -7217. What is the highest common factor of t and 17?
17
Let o = 24 - 13. Let k = 21 + 4. Suppose -80 + k = -r. What is the highest common factor of o and r?
11
Suppose -5*u + 0*w = -3*w - 36, 5*u + w - 28 = 0. Let n be 0*((-27)/u)/9. Let k be 253/(1/(n - 1 - -2)). Calculate the greatest common divisor of 23 and k.
23
Suppose -8 - 20 = r + 3*t, 2*t + 62 = -4*r. Suppose 7*y = -2*y - 216. Let s be (-1 + r/(-4))/((-3)/y). What is the greatest common factor of 6 and s?
6
Let u be 34 + (2 + -3 - 6). Suppose -2*o + 7*o - 585 = 0. What is the highest common factor of u and o?
9
Let y = -7 + 27. Suppose i - 9250 = -5*s + 3354, -s + 2504 = -4*i. Suppose 251*k + s = 265*k. What is the greatest common divisor of y and k?
20
Suppose 0 = -5*i - 25, -4*i - 308 = -c. Let u = 15707 - 15689. Calculate the greatest common factor of u and c.
18
Suppose k - 6*k - 4*h = -1000, 3*k - 5*h - 563 = 0. Suppose 42 - 98 = -2*f. What is the greatest common divisor of f and k?
28
Suppose 4 + 54 = 29*n. Calculate the highest common factor of n and 10.
2
Suppose 0 = -j + 4*b - 337, -j - 3*b - 116 = 235. Let w = j - -349. What is the greatest common divisor of 76 and w?
4
Let a(c) = 21*c - 14. Let r be a(-3). Let t be (540/189